e -4*v + 11 = -17. Let a(s) = -v + 4 + 2 - 11*s. What is the tens digit of a(-7)?
7
Let f be (20/(-5))/4 + 6. Let l = 316 + f. What is the units digit of l?
1
Suppose -2*a - 692 = -4*a. Let i = -218 + a. Suppose 2*n = -h + 94, 0 = -3*n - 4*h + i + 8. What is the units digit of n?
8
Suppose 0 = 93*i - 24*i - 198168. What is the thousands digit of i?
2
Let a be 10*(2/(-12) - 12/9). Let f be (-18)/81 - (-3154)/18. Let z = f + a. What is the tens digit of z?
6
Suppose -5*w + 4*z = 8, 4*z - 8 = 9*w - 14*w. Suppose 68*q - 65*q - 990 = w. What is the tens digit of q?
3
Suppose 3*z - 95483 - 1507 = -18858. What is the tens digit of z?
4
Let p be (-3)/6*64*-2. Suppose p*g = 67*g - 165. Suppose -59*h + g*h + 48 = 0. What is the units digit of h?
2
Let y(k) = 15*k + 235. Let a(g) = 18*g + 238. Let j(c) = 6*a(c) - 5*y(c). What is the hundreds digit of j(16)?
7
Suppose -14*q + 33 = -11*q. Suppose 1019 - 6090 = -q*a. What is the tens digit of a?
6
Suppose 3*g - 15 = -3*z, 2*g - 6*g = 2*z - 14. Suppose 5*i - 361 = 3*i + z*p, -4*p = 4. What is the tens digit of i?
7
Let l(i) = 7 - 8 - i + 6*i**3 + 1. Let y be l(1). What is the units digit of (-2)/(-5) - (-158)/y?
2
Let b be -144*(3 + (-7 - -3)). Suppose 3*p = s + s + 6, -9 = 2*p + 3*s. Suppose -4*y - b = -2*l, p*y + 2*y - 348 = -5*l. What is the units digit of l?
0
Let z(r) = 595*r - 24. Let n be z(-7). Let l = -2355 - n. What is the units digit of l?
4
Let m = 475 - -8490. What is the thousands digit of m?
8
Let a = -786 + 1680. Suppose -14*l + 12*l = -a. What is the units digit of l?
7
Suppose -10 = -3*z + z - 4*v, -3*z + v + 8 = 0. Suppose -s - z*h + 3 = -3, -s + 4*h = 15. What is the tens digit of (9/s)/3 + 21?
2
Let j = 122 - 116. What is the units digit of 1 + 427 - (-5 - (0 - j))?
7
Let r(y) = 10*y - 3. Let m be r(1). Suppose 2325 = m*n + 106. What is the units digit of n?
7
Let n(d) = -835*d - 3189. What is the tens digit of n(-25)?
8
Let i(x) = 129*x**3 - 6*x**2 - 16. Let t(f) = -128*f**3 + 5*f**2 - f + 16. Let j(c) = -4*i(c) - 5*t(c). What is the units digit of j(2)?
2
Let r be (-2)/(-9) - 52/(-9). Let q be ((-3)/r)/((-10)/(-80)). Let u(z) = -9*z + 10. What is the tens digit of u(q)?
4
Let t = 2 - 1. Let l = t - 0. What is the tens digit of (0 + l)/(2/106)?
5
Let y = 301 - 299. Let k be -1*0*3/(-3). Suppose 0*g - y*g + 82 = k. What is the tens digit of g?
4
Let w(o) = 2*o**2 + 55*o + 260. Let r(j) = j**3 - 3*j**2 - 4*j - 35. Let i be r(0). What is the units digit of w(i)?
5
Let j(f) = -f**3 + f**2 - 1. Let u(b) = -3*b**3 - 5*b**2 + 20*b - 5. Let v(i) = 2*j(i) - u(i). What is the tens digit of v(-9)?
2
Let p = 34 - 30. Suppose -p*a = -639 - 337. What is the units digit of a?
4
Suppose -2*z + 1578 = -2*v - 2*v, 0 = 5*z + v - 3967. What is the units digit of (2/(-1) - -1) + 10 + z?
2
Let c be (-1955)/92 + 1/4. Let m(w) = 2*w**2 + 15*w + 19. What is the tens digit of m(c)?
8
Suppose 8*h + 8 - 32 = 0. Suppose -5*l + 1501 = f, 4*l - f - 1196 = -h*f. What is the units digit of l?
1
What is the hundreds digit of (-20)/((-52)/13) + (-9808)/(-1)?
8
Let g(o) = -o**3 + 9*o**2 - 7*o - 18. Let k be g(8). What is the hundreds digit of k/(-2) - (11 - 387)?
3
Let d be (2/(-4))/((-9)/(-216)*-4). Suppose -q - 2*b + 5*b = -1169, -3507 = -d*q - b. What is the tens digit of q?
6
Let t = 7882 - 4198. What is the tens digit of t?
8
Let p(v) = 2668*v - 2470. What is the tens digit of p(10)?
1
Let j = 35 + 2340. Let t = j - 830. What is the tens digit of t?
4
Let g(p) = p**2 + 6*p - 5. Let h be g(-7). Let o be h + (4 + -6)/(-1). What is the tens digit of 22 - (o - 4 - -4)?
1
Suppose 77662 = 4*x + 5*c - 18950, -24153 = -x - 2*c. What is the units digit of x?
3
Let x = 267 - -216. Let d = x - 473. What is the tens digit of d?
1
Let o = -74429 + 115931. What is the hundreds digit of o?
5
Let q be ((-4)/(-8)*6)/(12/8). What is the tens digit of (((-608)/(-10))/q)/((-32)/(-80))?
7
Let m(k) = -6891*k + 608. What is the tens digit of m(-1)?
9
Let k = 4640 - 1740. What is the units digit of k?
0
Let d be 2/8*(22 + -114). What is the tens digit of (-1 - 1 - 224)/(d/46)?
5
Let t(c) = 874*c**2 + 2*c + 58. What is the tens digit of t(-6)?
1
Let w be (-24)/(-9)*6/4. Suppose 0 = -w*f - 0*f + 1256. Suppose 0 = 4*t - x - 0*x - f, t - 85 = -3*x. What is the units digit of t?
9
Let g(i) = -2*i. Let b be g(-4). Suppose 5*z - z = b. What is the units digit of 2 + z*-3 - -37?
3
Let u(b) be the third derivative of 4/3*b**3 - 11/8*b**4 + 0*b - 19*b**2 + 0. What is the tens digit of u(-3)?
0
Suppose 0 = 217*s - 218*s + 785. Suppose -2981 = -6*w - s. What is the units digit of w?
6
Let c be 2*((-11)/22 - (0 - 0)). Let w be (12/(-9) - c) + (-65)/(-15). Suppose w*i - 246 = -5*p, i + 11 = -p + 72. What is the units digit of i?
9
Let t(j) = 18*j**3 + j**2 + j - 4. Let g be t(2). Suppose -g*m + 153*m - 6776 = 0. What is the tens digit of m?
6
Let r(v) = -2239*v - 16893. What is the units digit of r(-42)?
5
Suppose -13*y - 200 = -23*y. Let m(k) = 2*k**2 + 7*k + 97. What is the hundreds digit of m(y)?
0
Suppose 0 = 2*c - 121 + 21. Let v = c - 57. What is the units digit of 22/77 + (-432)/v?
2
Let z = 98278 - 24840. What is the hundreds digit of z?
4
Suppose -39*v + 377344 = 89*v. What is the hundreds digit of v?
9
Let y = -105 + 30. What is the tens digit of 22/(-99) - y/(-27) - -1002?
9
Let y(a) = 5*a - 6 - 23*a + 3*a + 5*a - a**2. Let d be y(-9). Suppose 5*l - d*f = 328, -2*f - 216 = -3*l - 5*f. What is the units digit of l?
8
Let l(i) = 10*i**2 + 20*i - 63. Let z(h) = 3*h**2 + 7*h - 21. Let c(k) = -2*l(k) + 7*z(k). Let b be c(-9). What is the tens digit of (4 + -1)/(b/(-448))?
6
Let z be ((-24)/(-15))/(-2*3/(-15)). Let c(m) = -m**2 + 4*m + 3. Let a be c(z). Suppose -4*q + q + 375 = a*s, -125 = -q + 5*s. What is the units digit of q?
5
Let c(d) = -2*d - 74. Let h be c(-17). What is the units digit of -4*5/h + (-7084)/(-8)?
6
Let u(h) = -h**2 - 4*h + 32. Let a be u(-11). What is the units digit of (108/(-45) - -2)/(1/a)?
8
Suppose -4*p + 823 = -285. Suppose 3*j - 2*n + p = 4*j, 0 = -3*n. What is the units digit of j?
7
Let n = -334 - -541. Let r(v) = -5*v + 18*v - 2 - 6*v - 9*v + n*v**2. What is the hundreds digit of r(-1)?
2
Let j = -16 + 21. Suppose -y - j*s = 21, -4*y - s - 53 - 31 = 0. What is the units digit of y*(-6)/(-4)*8/(-14)?
8
Let l be 16 - -5*(58/10 - 5). Suppose 3*h + 15317 = l*h. What is the units digit of h?
1
Suppose -59 - 41 = -10*v. Let k be (-9)/(-2) + (-5)/v. Let i = k - -18. What is the tens digit of i?
2
Let d = 3181 + -3175. Suppose 5*p = -0*p + 820. Suppose -d*h + 7*h = p. What is the units digit of h?
4
Let i = -5636 + 6584. What is the tens digit of i?
4
Suppose 109*u - 98*u = 29931. What is the tens digit of u?
2
Suppose y + y - 66 = -2*m, 3*m = 5*y - 125. Let u(r) = -r**3 + 6*r**2 + 3*r - 28. Let h be u(5). Suppose c = h + y. What is the units digit of c?
0
Suppose -j + 111 + 282 = 5*w, -2*w = 3*j - 1114. Let a = -26 + j. What is the hundreds digit of a?
3
Let a(w) = 20*w - 7. Let r(v) = -2*v**3 - 3*v**2 + v. Suppose -5*t - 9 - 1 = 0. Let n be r(t). What is the units digit of a(n)?
3
Suppose 17*y - 160871 + 38335 = 0. What is the hundreds digit of y?
2
Let x(r) = r**3 + 13*r**2 + 47*r - 4. Let a be x(-15). Let z = a - -1974. What is the tens digit of z?
1
Suppose 4*w + 8 = 0, 13 = 4*l - 5*w + 3. Suppose l = 2*t + 5*q - 344, 2*q + 550 = 3*t + q. What is the units digit of t?
2
Let q = -49959 + 70507. What is the thousands digit of q?
0
What is the tens digit of -6431*(11 - 6)/(-5)?
3
Let x(n) be the second derivative of 11*n**4/12 - 3*n**3/2 - 3*n**2/2 + n. Suppose -60 = -4*y - 48. What is the tens digit of x(y)?
6
Let i = 82 - 79. Suppose -i*w - 188 = c - 711, 0 = -2*c - 2*w + 1042. Suppose 0 = -g - 4*g + 2*p + c, -5*g + 4*p + 520 = 0. What is the units digit of g?
4
Let n(c) be the third derivative of c**4/24 - c**3/3 + 19*c**2. Let m be n(4). Suppose 3*t = m*q - 3*q + 199, 0 = -t - 2*q + 63. What is the units digit of t?
7
Suppose -255*j - 127*j + 111*j = -3687226. What is the thousands digit of j?
3
Suppose -x + 3*s - 31275 = 0, 0*s - 2*s + 31278 = -x. What is the tens digit of ((-3)/3)/(x/(-4470) + -7)?
4
Let p = 5301 + -2905. What is the thousands digit of p?
2
Suppose -3*s + 0*s = 4*a - 90, 0 = -4*s - 8. Suppose 3*p